8*n**2 - 87466*n + 437137. Calculate m(5).
7
Let i(z) = z**2 + 21295*z + 680420. Give i(-32).
4
Let z(a) = 110*a + 3630. Give z(-38).
-550
Let b(n) = -n**3 + 4*n**2 - 44787*n + 7. What is b(0)?
7
Let p(y) = 5837*y - 64206. What is p(11)?
1
Let l(s) = -1703*s - 173710. Give l(-102).
-4
Let x(o) = -5*o**3 - 535*o**2 + 9836*o - 487. Calculate x(-123).
5
Let q(d) = 15*d**2 - 1067*d - 2474. Determine q(70).
-3664
Let g(x) = 12*x**2 + 9655*x + 63030. What is g(-798)?
-12
Let t(f) = 79894*f - 79990. Calculate t(1).
-96
Let o(x) = 625*x + 85801. Determine o(-135).
1426
Let m(z) = 4*z**2 - 240*z - 10497. Determine m(-31).
787
Let m(t) = -8383*t + 444282. What is m(53)?
-17
Let u(g) = -g**3 + 73*g**2 - 535*g + 354. Give u(65).
-621
Let j(v) = 3*v**2 - 530*v - 33964. Give j(-50).
36
Let j(y) = 7*y**2 + 57*y + 315. Give j(-14).
889
Let b(i) = -2*i**2 - 1171*i + 21670. Give b(18).
-56
Let b(u) = 3*u**3 - 226*u**2 - 271*u + 25953. Determine b(75).
3
Let u(t) = t**3 + 9*t**2 + 49*t + 16. What is u(-5)?
-129
Let o(a) = 28*a**2 + 109*a - 447. What is o(3)?
132
Let i(d) = -2*d**3 - 514*d**2 + 9915*d + 4147. Give i(-275).
22
Let a(u) = -u**3 + 232*u**2 + 245*u - 2812. Calculate a(233).
-16
Let f(q) = q**3 - 43*q**2 + 88*q - 77. Give f(39).
-2729
Let m(a) = -4*a**3 - 94*a**2 + 421*a + 63. What is m(4)?
-13
Let s(p) = p**3 - 19*p**2 + 127*p - 1652. What is s(18)?
310
Let j(v) = -73*v**2 - 4089*v + 8406. Give j(-58).
-4
Let t(w) = -56638*w + 566476. What is t(10)?
96
Let s(w) = -w**3 + 25*w**2 + 319*w + 405. What is s(35)?
-680
Let q(t) = t**3 - 82*t**2 + 326*t - 1202. Calculate q(78).
-110
Let k(i) = -20726*i - 62174. Give k(-3).
4
Let s(u) = 1031*u + 8105. Calculate s(-8).
-143
Let r(x) = 561459*x + 7860426. What is r(-14)?
0
Let z(l) = -l**3 - 56*l**2 + 8747*l + 489825. Calculate z(-56).
-7
Let c(h) = -100*h - 1797. Determine c(-19).
103
Let y(a) = -a**3 + 219*a**2 - 4286*a - 1047. Determine y(22).
9
Let m(u) = 68*u + 2829. Calculate m(-112).
-4787
Let d(j) = j**3 - 5*j**2 - 5144*j + 25729. Give d(5).
9
Let g(m) = -m**3 + 76*m**2 + 2287*m - 161995. What is g(79)?
-45
Let k(t) = -t**2 - 6310*t + 88535. Determine k(14).
-1
Let l(t) = 4595*t + 27611. Determine l(-6).
41
Let y(m) = m**3 - 17*m**2 - 934*m + 683. Give y(40).
123
Let n(p) = -2*p**2 - 271272*p + 5154875. What is n(19)?
-15
Let x(c) = -16309*c - 750213. Determine x(-46).
1
Let z(m) = 11898*m + 3022093. Give z(-254).
1
Let h(r) = 4*r**2 - 405*r + 2990. Calculate h(8).
6
Let q(n) = 3*n**3 + n**2 + 612*n - 1840. What is q(3)?
86
Let x(k) = -41*k**2 - 269*k - 524. Give x(-15).
-5714
Let h(y) = 3107*y + 55900. Calculate h(-18).
-26
Let x(v) = 1618*v - 135942. Determine x(84).
-30
Let g(y) = -y**2 + 66*y + 16144. Calculate g(-98).
72
Let y(p) = -1728*p - 5194. Determine y(-3).
-10
Let v(q) = q**3 + 67*q**2 - 367*q - 1414. Give v(-72).
-910
Let f(c) = 2*c**2 - 76*c + 435. Determine f(32).
51
Let g(d) = -d**2 + 24*d + 52750. Determine g(242).
-6
Let v(f) = -5510*f + 43878. Determine v(8).
-202
Let c(p) = -p**3 + 39*p**2 - 232*p + 5299. Give c(31).
5795
Let h(k) = -168115*k + 1008730. Give h(6).
40
Let y(d) = d**3 - 44*d**2 - 36*d + 136. Determine y(45).
541
Let d(i) = 3*i**2 + 37*i + 788. Determine d(-13).
814
Let p(i) = -45019*i - 361097. Determine p(-8).
-945
Let a(f) = 80*f + 2349. Calculate a(-26).
269
Let o(f) = 11*f**2 - 1189*f + 19391. What is o(88)?
-57
Let d(a) = 2180*a + 285573. Calculate d(-131).
-7
Let j(p) = 462564*p + 925106. What is j(-2)?
-22
Let m(i) = 80*i**2 + 465*i + 6. What is m(-6)?
96
Let f(w) = -1953*w + 390530. Calculate f(200).
-70
Let f(y) = -y**3 + 34*y**2 + 214*y - 9429. Calculate f(31).
88
Let u(l) = -2*l**2 + 297*l + 8175. Calculate u(172).
91
Let v(a) = -2227*a + 39589. Calculate v(18).
-497
Let h(k) = -1464*k**2 - k - 3. What is h(0)?
-3
Let x(y) = 45*y**3 + 802*y**2 - 138*y + 108. Calculate x(-18).
0
Let d(f) = -616*f + 9848. Give d(16).
-8
Let r(x) = -143*x**3 + 3434*x**2 - 16*x - 772. Give r(24).
-4
Let u(g) = -36*g**2 - 1480*g + 242. Determine u(-41).
406
Let g(u) = -2165*u + 71264. Calculate g(33).
-181
Let u(k) = 1150*k + 7184. Calculate u(-8).
-2016
Let v(r) = r**3 + 491*r**2 + 1943*r - 2219. Calculate v(-487).
216
Let y(b) = 2*b**3 - 117*b**2 - 102*b - 4686. Determine y(60).
-6
Let i(z) = -652*z**3 + 2*z**2 - 6*z + 4. Give i(1).
-652
Let o(t) = -7025*t + 913209. What is o(130)?
-41
Let j(c) = -15065*c - 2576194. What is j(-171)?
-79
Let h(l) = 37*l**2 - 2329*l - 30090. Give h(-11).
6
Let p(k) = -k**2 + 1177*k - 52035. Determine p(46).
-9
Let a(r) = 5646*r + 13319. Determine a(-3).
-3619
Let c(p) = p**2 + 1371*p + 46763. Determine c(-35).
3
Let g(w) = -w**3 + 229*w**2 - 441*w - 2267. What is g(227)?
684
Let v(o) = 115936*o - 695622. Determine v(6).
-6
Let c(j) = 259*j - 11638. What is c(45)?
17
Let d(s) = -4*s**2 - 5867*s + 23491. Calculate d(4).
-41
Let j(h) = -600*h**2 + 26*h + 26. Give j(-1).
-600
Let z(n) = n**3 + 108*n**2 - 1461*n - 1905. Determine z(-120).
615
Let d(m) = 315*m**2 + 2704*m + 2705. Determine d(-1).
316
Let h(c) = c**2 + 7*c - 6463. What is h(-85)?
167
Let r(n) = -65*n**3 - 6888*n**2 + 210*n - 172. Calculate r(-106).
40
Let b(h) = h**2 - 474*h + 56363. Give b(239).
198
Let j(f) = 2*f**3 - 534*f**2 - 4417*f - 268. What is j(-8)?
-132
Let t(y) = -y**3 + 6*y**2 + 101*y + 49. Calculate t(-11).
995
Let g(k) = 2*k**3 - 5*k**2 + 10506*k + 52601. Give g(-5).
-304
Let j(c) = 4555*c - 22703. Calculate j(5).
72
Let q(w) = 553*w + 41962. Calculate q(-76).
-66
Let n(s) = -9*s**2 + 575*s - 6540. Calculate n(49).
26
Let g(p) = 16419*p - 49619. Calculate g(3).
-362
Let m(i) = 3*i**2 - 4440*i - 17715. Give m(-4).
93
Let z(b) = 2776*b + 4986. Give z(-2).
-566
Let s(m) = -m**3 - 377*m**2 + 7021*m - 35151. Give s(-395).
4
Let x(t) = 2*t**3 - 98*t**2 - 203*t + 304. Give x(51).
355
Let o(v) = 2*v**3 - 333*v**2 - 548*v + 63623. What is o(167)?
-4
Let p(j) = 5*j**3 - 20*j**2 + 49*j - 376. What is p(5)?
-6
Let n(m) = 1205*m - 93879. Give n(78).
111
Let d(o) = 17*o**3 + 223*o**2 + 156*o + 1648. Calculate d(-13).
-42
Let t(f) = -5*f**3 + 727*f**2 - 286*f - 954. Give t(145).
-374
Let i(y) = -1144*y - 5875. Calculate i(-6).
989
Let v(q) = -130*q**2 - 1223*q - 478. Give v(-9).
-1
Let t(h) = -10169*h - 193852. Give t(-19).
-641
Let t(a) = 27*a**2 - 1255*a - 2511. Give t(-2).
107
Let a(c) = -229*c - 1406. Determine a(-6).
-32
Let x(w) = 18*w**2 + 8236*w + 53243. Give x(-451).
25
Let c(m) = 3*m**3 + 55*m**2 - 50*m + 852. Give c(-20).
-148
Let h(s) = -s**2 + 19957*s - 5955161. Determine h(303).
1
Let a(b) = 27*b**2 + 3656*b - 675. Determine a(-136).
1501
Let f(x) = 28*x**3 + 333*x**2 - 25*x - 26. Calculate f(-12).
-158
Let n(m) = 4*m**2 - 144*m - 5267. Determine n(59).
161
Let d(k) = 1689*k - 9663. Give d(5).
-1218
Let f(u) = -212*u + 12663. What is f(58)?
367
Let g(v) = -730879*v - 5847039. What is g(-8)?
-7
Let f(k) = 13525*k - 5910452. Give f(437).
-27
Let o(d) = -781*d**2 + 8*d - 770. What is o(0)?
-770
Let v(g) = -g**2 - 444*g + 10824. What is v(23)?
83
Let c(u) = 29771*u + 44329018. Calculate c(-1489).
-1
Let r(n) = -2824*n - 59360. Give r(-21).
-56
Let h(c) = -2*c**2 + 409*c - 5955. Determine h(188).
249
Let x(n) = 191563*n - 12. What is x(0)?
-12
Let u(t) = -3*t**2 - 67*t - 352. What is u(-9)?
8
Let v(t) = -675*t + 27569. Determine v(41).
-106
Let y(x) = 2*x**3 - 72*x**2 + 4*x - 10. Calculate y(7).
-2824
Let p(n) = -n**3 + 58*n**2 + 64*n - 3156. What is p(58)?
556
Let l(m) = -4*m**3 - 588*m**2 - 3863*m + 8011. What is l(-140)?
31
Let v(k) = 309*k**2 - 1243*k - 62. Determine v(6).
3604
Let n(j) = -4*j**3 - 85*j**2 + 73*j + 38. What is n(-22)?
-116
Let b(i) = 49541*i - 297230. Calculate b(6).
16
Let n(p) = -21*p**2 - 284*p - 200. What is n(-13)?
-57
Let w(u) = -2*u**2 - 16*u + 20771. Determine w(98).
-5
Let i(s) = 2*s**3 - 47*s**2 - 751*s - 1975. What is i(-8)?
1
Let m(o) = 17*o**2 + 58*o + 118. Give m(-2).
70
Let k(c) = 5077*c**2 - 30470*c + 75. Calculate k(6).
27
Let x(f) = 8*f**3 - 100*f**2 - 26*f + 215. Calculate x(13).
553
Let w(c) = -176*c**2 - 4057*c + 57785. Calculate w(-33).
2
Let h(l) = 2*l**3 - 190*l**2 + 4395*l + 274. What is h(55)?
-1
Let f(i) = i**2 - 705*i + 51192. What is f(82)?
106
Let i(q) = 8*q**3 - 750*q**2 + 1288*q + 416. Calculate i(2).
56
Let b(r) = r**